 common divisor of 11 and 176?
11
Calculate the greatest common divisor of 39 and 12714.
39
What is the greatest common factor of 62 and 2449?
31
What is the highest common factor of 71 and 71?
71
Calculate the greatest common factor of 84 and 224.
28
What is the greatest common divisor of 520 and 136?
8
Calculate the greatest common factor of 12 and 2196.
12
What is the greatest common divisor of 84 and 35?
7
Calculate the highest common factor of 3 and 7047.
3
What is the highest common divisor of 1656 and 72?
72
What is the greatest common factor of 1403 and 61?
61
Calculate the greatest common factor of 152 and 4028.
76
What is the greatest common factor of 2 and 2?
2
What is the highest common factor of 6370 and 78?
26
What is the highest common divisor of 19578 and 78?
78
Calculate the highest common divisor of 1105 and 26.
13
Calculate the highest common divisor of 636 and 30104.
212
Calculate the greatest common divisor of 69 and 1587.
69
What is the greatest common factor of 63 and 3843?
63
Calculate the highest common factor of 31008 and 136.
136
What is the greatest common divisor of 20 and 9270?
10
What is the greatest common divisor of 217 and 35?
7
Calculate the greatest common divisor of 801 and 178.
89
Calculate the greatest common divisor of 12 and 5892.
12
Calculate the greatest common factor of 17 and 19.
1
What is the highest common factor of 217 and 93?
31
What is the highest common divisor of 13 and 21?
1
Calculate the highest common factor of 31413 and 111.
111
What is the highest common divisor of 8342 and 582?
194
Calculate the highest common divisor of 27 and 729.
27
What is the greatest common divisor of 324 and 864?
108
What is the highest common factor of 296 and 8?
8
What is the highest common divisor of 9354 and 6?
6
What is the highest common divisor of 25 and 60?
5
Calculate the highest common divisor of 986 and 20213.
493
What is the greatest common factor of 91 and 195?
13
Calculate the greatest common factor of 10 and 320.
10
Calculate the greatest common divisor of 14504 and 1480.
296
Calculate the greatest common factor of 44 and 154.
22
Calculate the greatest common factor of 1430 and 1760.
110
What is the greatest common divisor of 348 and 435?
87
Calculate the greatest common divisor of 78 and 24.
6
Calculate the greatest common factor of 14 and 14483.
7
Calculate the greatest common divisor of 192 and 108.
12
Calculate the greatest common factor of 749 and 189.
7
What is the highest common divisor of 1128 and 804?
12
What is the highest common divisor of 65 and 299?
13
What is the greatest common divisor of 12 and 1?
1
Calculate the highest common factor of 6882 and 930.
186
What is the greatest common divisor of 403 and 52?
13
Calculate the highest common factor of 12 and 1182.
6
What is the highest common divisor of 2928 and 48?
48
Calculate the greatest common factor of 400 and 175.
25
What is the highest common factor of 150 and 960?
30
What is the highest common divisor of 2815 and 5?
5
Calculate the highest common factor of 440 and 165.
55
What is the highest common divisor of 1692 and 18?
18
What is the greatest common factor of 98 and 1127?
49
What is the greatest common factor of 5 and 85?
5
What is the highest common factor of 22008 and 24?
24
Calculate the highest common factor of 413 and 7729.
59
What is the highest common factor of 8 and 808?
8
Calculate the highest common divisor of 70 and 10.
10
What is the greatest common divisor of 400 and 30?
10
What is the greatest common factor of 184 and 32?
8
What is the greatest common factor of 35 and 55?
5
Calculate the highest common divisor of 60 and 996.
12
Calculate the highest common divisor of 266 and 56.
14
What is the highest common factor of 750 and 6?
6
Calculate the greatest common factor of 133 and 28.
7
What is the highest common divisor of 10905 and 30?
15
Calculate the greatest common divisor of 255 and 975.
15
Calculate the highest common factor of 88 and 17116.
44
Calculate the highest common divisor of 231 and 14.
7
What is the greatest common divisor of 63 and 41874?
21
Calculate the greatest common factor of 250 and 2400.
50
Calculate the highest common divisor of 1524 and 889.
127
Calculate the highest common divisor of 15 and 885.
15
Calculate the greatest common divisor of 9 and 402.
3
Calculate the greatest common divisor of 49 and 9.
1
What is the highest common factor of 545 and 2071?
109
Calculate the highest common factor of 442 and 17.
17
Calculate the highest common factor of 385 and 1694.
77
Calculate the highest common divisor of 196 and 12.
4
What is the greatest common factor of 23283 and 117?
117
What is the greatest common divisor of 16 and 304?
16
Calculate the greatest common divisor of 4 and 138.
2
Calculate the highest common divisor of 216 and 496.
8
What is the greatest common factor of 102 and 51?
51
Calculate the highest common factor of 92 and 115.
23
Calculate the highest common factor of 333 and 43623.
333
Calculate the highest common divisor of 672 and 84.
84
Calculate the greatest common divisor of 10797 and 531.
177
Calculate the greatest common divisor of 112 and 364.
28
What is the highest common divisor of 354 and 66?
6
Calculate the greatest common factor of 285 and 627.
57
What is the greatest common divisor of 103 and 1339?
103
Calculate the highest common factor of 297 and 2871.
99
Calculate the greatest common factor of 510 and 204.
102
What is the highest common divisor of 470 and 110?
10
Calculate the greatest common divisor of 10 and 1420.
10
What is the highest common divisor of 1 and 36?
1
What is the greatest common factor of 306 and 2550?
102
What is the highest common factor of 235 and 564?
47
Calculate the highest common divisor of 90 and 15.
15
Calculate the greatest common factor of 20 and 68.
4
Calculate the greatest common factor of 799 and 68.
17
Calculate the greatest common factor of 20567 and 131.
131
What is the greatest common factor of 4 and 2876?
4
What is the greatest common divisor of 49 and 35?
7
What is the greatest common factor of 28 and 1736?
28
What is the greatest common factor of 102 and 1054?
34
What is the greatest common factor of 28 and 1750?
14
Calculate the highest common factor of 210 and 54.
6
What is the greatest common factor of 168 and 2100?
84
Calculate the greatest common divisor of 336 and 6216.
168
Calculate the greatest common factor of 127 and 381.
127
What is the highest common divisor of 1798 and 58?
58
What is the greatest common divisor of 297 and 33?
33
Calculate the greatest common divisor of 187 and 1672.
11
What is the greatest common factor of 32 and 38992?
16
Calculate the greatest common factor of 49 and 56.
7
What is the highest common divisor of 9405 and 22?
11
Calculate the highest common factor of 50526 and 126.
126
What is the greatest common divisor of 275 and 150?
25
Calculate the highest common divisor of 27 and 108.
27
What is the greatest common divisor of 342 and 323?
19
Calculate the greatest common factor of 69 and 621.
69
Calculate the greatest common factor of 115 and 17135.
115
What is the highest common factor of 58 and 29?
29
What is the greatest common factor of 47 and 15?
1
What is the greatest common divisor of 180 and 160?
20
What is the highest common factor of 1632 and 288?
96
What is the highest common factor of 4326 and 84?
42
What is the highest common divisor of 2970 and 682?
22
What is the highest common factor of 7 and 7126?
7
Calculate the highest common factor of 356 and 28.
4
What is the greatest common factor of 37 and 37?
37
Calculate the greatest common divisor of 48660 and 30.
30
Calculate the greatest common factor of 376 and 188.
188
What is the highest common factor of 33 and 22?
11
Calculate the highest common factor of 40 and 35.
5
Calculate the highest common factor of 1606 and 22.
22
What is the greatest common factor of 12 and 12?
12
Calculate the highest common divisor of 824 and 40.
8
Calculate the greatest common divisor of 123 and 205.
41
What is the greatest common divisor of 292 and 2701?
73
What is the highest common factor of 50 and 5?
5
What is the highest common divisor of 21707 and 98?
49
Calculate the highest common factor of 72 and 36.
36
Calculate the highest common 